s of v?
2
Suppose -12 - 84 = -6*t. List the prime factors of t.
2
Let j(b) = 17*b**2 - b + 7. Let x(k) = -9*k**2 - 3. Let m(w) = -2*j(w) - 5*x(w). List the prime factors of m(-1).
2, 5
Suppose 6*g - 2*g + 5 = -3*k, -4*g = -k + 25. Let r(w) = w + 4. What are the prime factors of r(k)?
3
Suppose 4*a - 36 = -3*f + 5*a, 2*f + 5*a - 24 = 0. Suppose p - f = -p. Suppose p = -b - 5*z, -4*z + 0*z = 5*b - 12. What are the prime factors of b?
2
List the prime factors of (-35)/(-2)*12/10.
3, 7
Let k(h) = h**2 - 9*h - 2. What are the prime factors of k(12)?
2, 17
Let b(f) = -f**3 + 6*f**2 - f + 1. Let s = 7 - 3. List the prime factors of b(s).
29
Suppose b = j + 4, 1 - 2 = j. What are the prime factors of 41/(-4 + 15/b)?
41
Let m = -2 + 5. What are the prime factors of m?
3
Suppose 5*z + 2*k = 122 + 3, 4*z + 4*k = 100. What are the prime factors of z?
5
Let l = -42 - -78. Suppose 4*t - l - 20 = 0. What are the prime factors of t?
2, 7
What are the prime factors of ((-5)/15)/((-2)/84)?
2, 7
Let b = 272 - 110. What are the prime factors of b?
2, 3
Let d = 11 + -15. List the prime factors of (-6 - d) + 8/2.
2
Let s(c) = -c**3 + 4*c**2 + 4. Let w be s(4). Suppose -5*j = -w*j - 16. Suppose 0 = -4*i + j. What are the prime factors of i?
2
Let l(f) = 3 - 6 + 5*f - 1 + 2. List the prime factors of l(3).
13
Let f(t) = -t**2 + 7*t + 1. Let x(g) = g + 1. Suppose -r + 3 = -4*r. Let k(l) = r*f(l) + 6*x(l). What are the prime factors of k(0)?
5
Let y(m) = -m**2 + 13*m - 6. What are the prime factors of y(12)?
2, 3
Suppose 0 = 3*x + x - 20. Let k(n) = 7*n - 3. What are the prime factors of k(x)?
2
Let v = 5 - -17. List the prime factors of v.
2, 11
Suppose 5*g = -5 - 5. Let h = g + 26. What are the prime factors of h?
2, 3
Suppose 2*b = -b + 177. List the prime factors of b.
59
Suppose -f + 11 = 2. Suppose -3*w - 4*n - 15 = -2*w, -4*w + n = f. Let v = w - -17. List the prime factors of v.
2, 7
Let k = 142 - 90. List the prime factors of k.
2, 13
Suppose 8*g - 3*g = 4*c - 58, c - 15 = g. Suppose c = 3*q - 7. What are the prime factors of q?
2
Let n = -39 - -74. Suppose -2 + n = 3*j. List the prime factors of j.
11
Let x(t) = t**3 - 5*t**2 - 3*t + 5. Let y be x(4). Let r = y + 35. What are the prime factors of r?
2, 3
Let s(v) = v**2 - 6*v - 10. Let a be s(7). What are the prime factors of (-1)/(a/((-114)/(-2)))?
19
Suppose -50 - 49 = -b. Suppose 3*n = -0*n + b. List the prime factors of n.
3, 11
Suppose -3*b = -286 - 275. What are the prime factors of b?
11, 17
Suppose 25 = 4*u - 4*w - 19, 0 = -4*u + 5*w + 45. Let h(x) = x**3 + 5*x**2 + 3. Let y be h(-5). Let n = u - y. List the prime factors of n.
7
Suppose 3*g + 351 = o, 0*g = -5*o + 2*g + 1742. List the prime factors of (-6)/10 + o/30.
11
Suppose -3*c - 19 = j, 5*c = -0*j + 2*j - 39. Let v(p) be the first derivative of -p**2/2 - 3*p - 6. What are the prime factors of v(c)?
2
Let u = -3 + 29. List the prime factors of (1 + -3 - -2) + u.
2, 13
Suppose 2*o - 101 - 31 = 0. Suppose -n = 2*n - o. What are the prime factors of n?
2, 11
Let y be (-6)/9 + (-23)/(-3). Let a = y - 2. Suppose 3*i - 42 = a*c, 3*i - 3*c = 36 - 0. List the prime factors of i.
3
Let q(y) = 23*y + 65. What are the prime factors of q(8)?
3, 83
Let f(v) = 30*v. Let b = -8 - -9. List the prime factors of f(b).
2, 3, 5
Let k(d) = d**3 - d + 2*d + 2*d + 6*d**2 - 4 - d. What are the prime factors of k(-3)?
17
Let q(v) = v**2 + 6*v - 10. Suppose 2*n - 4*n = 18. List the prime factors of q(n).
17
Let d = 79 + -57. What are the prime factors of d?
2, 11
Let j(r) = r**2 - 3*r + 4. Let z be j(3). Let k(d) = -d - z + 2*d + 8 - 2*d. What are the prime factors of k(-5)?
3
List the prime factors of 25 - (-3 + 3) - -2.
3
Suppose 5*b - 536 + 141 = 2*a, -3*b = -2*a - 233. List the prime factors of b.
3
Let w = -3 - -3. Suppose 5*n + 5*t = 45, -2*n = -w*n + 4*t - 26. Let j = 10 - n. List the prime factors of j.
5
List the prime factors of (1 - 6)/(1/(-6)).
2, 3, 5
Let k = 12 - 18. Let j(i) = -i**3 - 5*i**2 + 5*i + 9. List the prime factors of j(k).
3, 5
Suppose 3*z - 318 = -3*v, -4*v - 3*z + 0*z + 422 = 0. What are the prime factors of v?
2, 13
Let u(z) = z - 4. List the prime factors of u(12).
2
Suppose -5*h + 8 + 7 = 0. What are the prime factors of (h + (-84)/9)*-3?
19
Let a(o) be the first derivative of -o**3/3 - 7*o**2/2 + 7*o - 2. List the prime factors of a(-7).
7
Suppose 5*n = 3*f, -n + 2*n + 2 = f. Let q be 34/(-10) - 8/(-20). Let j = q + f. List the prime factors of j.
2
Let n(r) be the first derivative of 2*r**2 + 1/3*r**3 - 10*r - 2. What are the prime factors of n(-7)?
11
Suppose -4*i = -386 + 94. List the prime factors of i.
73
Let i be (-2)/((-9)/6 + 1). Suppose 0 = -3*u + l - i*l + 9, 3*u + l - 3 = 0. List the prime factors of (0 - -10) + (u - 2).
2
Let o be 4/(-6)*(-3)/2. Let u = 3 - o. Let k = u - 0. What are the prime factors of k?
2
Suppose -3*j = -98 - 76. List the prime factors of j.
2, 29
Suppose 2*p = 6*p + d - 19, -13 = -4*p + d. What are the prime factors of p?
2
Suppose 5*j - 9 - 1 = 0. Let k(s) = j - s - 2 - 6 + 3. List the prime factors of k(-5).
2
Suppose -5*v + o + 71 = -0*o, 1 = -v + 4*o. What are the prime factors of v?
3, 5
Suppose -2*s = -s + c - 16, 3*s = 2*c + 38. Suppose -f - f + 3*m = -38, -s = -2*f - 3*m. Suppose f = o + 1. List the prime factors of o.
2, 3
Let m(z) = 2*z - 6. Let q be m(5). Let j = 18 - 13. Suppose 3*i = 5*l + q, -2 = -i + j*l - 14. List the prime factors of i.
2
Let h be (-4)/6 - 42/(-9). Suppose -t - 180 = -h*t. Suppose 2 = 2*s - 4*s, 4*k - t = -4*s. What are the prime factors of k?
2
Let r = 142 - 73. What are the prime factors of r?
3, 23
Suppose -5*r + 3*d = -47, -d = -3*r + 2*d + 33. Let z = r + -3. Let u = z - 2. List the prime factors of u.
2
Let m(p) = -p**3 - 5*p**2 + 5*p + 5. Let j(c) = c**3 - 10*c**2 - c + 10. Let w be j(10). Suppose -4*n - 18 - 6 = w. What are the prime factors of m(n)?
11
Let j be (18/(-2))/(2 + -1). Let c = j + 13. Suppose f - 25 = -c*w, 4*f + f - 2*w - 37 = 0. What are the prime factors of f?
3
Suppose 12 = -2*t - 7*r + 3*r, -24 = 5*t + 4*r. Let s be t/(-14) + (-12)/42. Suppose -2*b + s*k = -k - 20, -b - 4*k = -10. List the prime factors of b.
2, 5
Suppose 5*u = 4 + 1. Let i(b) = 23*b**2 - b. List the prime factors of i(u).
2, 11
What are the prime factors of (-4)/26 + (3440/52 - 5)?
61
Let k = -2 + 2. Let p(d) = d**3 + 9*d**2 + 8*d + 5. Let g be p(-8). Suppose k*n + n = g. List the prime factors of n.
5
Let b(r) be the third derivative of r**4/24 + 11*r**3/6 + 17*r**2. Let q = -6 - 3. List the prime factors of b(q).
2
Let o(w) = -5*w. Let f be o(1). Let s = f - -9. Suppose 58 = 5*l + 2*b - 0*b, s*l = 5*b + 53. List the prime factors of l.
2, 3
What are the prime factors of ((-124)/(-8))/((-1)/(-4))?
2, 31
Let u(i) = i + 3. Let p be u(-3). Suppose p*w = -3*w. Suppose 3*y + 4*m + w*m - 48 = 0, 2*m + 54 = 5*y. List the prime factors of y.
2, 3
Suppose x + 55 = 3*a + 3*x, 2*a + 2*x - 40 = 0. Let f = -8 + a. List the prime factors of f.
7
Let y(g) = -24*g - 6. List the prime factors of y(-5).
2, 3, 19
Suppose -2*i - 3*p - 53 = 2*i, -3*i = 5*p + 48. Let k = -3 - i. What are the prime factors of k?
2
Let w be (-4)/10 + 66/15. What are the prime factors of 315/25 - w/(-10)?
13
List the prime factors of 68/24*3*6.
3, 17
Suppose 0 = 3*t - 4*k - 15, 9*k - 4*k - 15 = -3*t. Suppose -q - t*b - 44 = -5*q, -q + b = -10. What are the prime factors of q?
2, 3
Let j(v) = -v + 7. List the prime factors of j(-12).
19
Let u = -126 - -340. What are the prime factors of u?
2, 107
Let i(l) = -36*l**2 - 19*l - 4. Let b(a) = 18*a**2 + 9*a + 2. Let j(q) = 13*b(q) + 6*i(q). Let x be j(-2). List the prime factors of 12/30 - x/(-5).
2, 7
Let t = 13 + -11. Suppose t*q = 48 - 4. What are the prime factors of q?
2, 11
Let h(a) = 3*a - 14. What are the prime factors of h(11)?
19
What are the prime factors of 9600/39 - (-12)/(-78)?
2, 3, 41
List the prime factors of (1 + -1 - -1)*60.
2, 3, 5
Let g be 1/6 + 1/(-6). Let u = -2 + g. What are the prime factors of 85/15 - u/(-3)?
5
Let q be -4 - -7 - (1 - -2). Suppose -f + 2*f - 14 = q. List the prime factors of f.
2, 7
Suppose -3*b + b = -2*d + 676, -d + 2*b = -340. List the prime factors of d.
2, 3, 7
Let u = -10 + 15. Let l(g) = 2*g**2 - 8*g + 4. Let p be l(u). L